n 34 is divided by v?
4
Let n = 7 + 2. Suppose 636 + 1493 = z. Suppose z + 349 = 14*o. Calculate the remainder when o is divided by n.
6
Let n(h) = 71*h - 326. What is the remainder when n(7) is divided by 84?
3
Suppose -45*s = 107*s - 61864. Calculate the remainder when s is divided by (-2)/6 - 372/(-9).
38
Suppose 5*n - 6*n + 163 = 0. What is the remainder when n is divided by 57 + (-9 - 3) - 10?
23
Suppose -12*s - 2*z = -7*s - 2175, -1284 = -3*s + 3*z. Calculate the remainder when s is divided by 98.
41
Suppose -39156 = -14547*d + 14535*d. Calculate the remainder when d is divided by 102.
101
Suppose -5*s = i - 673, -5*s - 4*i - i = -665. Let a(f) = -f**2 - 7*f - 10. Let n be a(-14). Let d = -74 - n. Calculate the remainder when s is divided by d.
33
Suppose 1064 - 1552 = -34*j + 1484. What is the remainder when 187 is divided by j?
13
Let z = -289 - -292. What is the remainder when 88 is divided by z + -1 - 8*14/(-4)?
28
Suppose -25*a + 59*a - 204 = 0. Calculate the remainder when 186 is divided by a.
0
Suppose 310*v - 1812 = 298*v. Calculate the remainder when 161 is divided by v.
10
Suppose 1145 - 1964 = -4*i + t, -2*i + t + 407 = 0. What is the remainder when i is divided by 109?
97
Suppose -2*v + 2*f = -14, 2 = -v - f + 1. Calculate the remainder when v*6*(-150)/(-60) is divided by 27.
18
Let o(g) = -7*g**3 - 10*g**2 - 19*g - 13. Calculate the remainder when 485 is divided by o(-3).
56
Let j(d) be the third derivative of 1/24*d**4 + 0 + 0*d + 17/60*d**5 + 0*d**3 + 15*d**2. What is the remainder when 43 is divided by j(-1)?
11
Suppose -19*j = 426 - 806. Calculate the remainder when 1198 is divided by j.
18
Let l = 2661 + -2522. Calculate the remainder when l is divided by 16.
11
Suppose -2*r = 2*s + 2*r - 56, 0 = -3*s + r + 70. What is the remainder when 4*(-8 - (-9 - -2)) + (-616)/(-2) is divided by s?
16
Suppose 153*r - 308 = -3*c + 149*r, -4*c + 5*r + 452 = 0. What is the remainder when 1204 is divided by c?
16
Let g be (-5)/10 + (-3)/(-6). Suppose g = -s + 13 + 39. Suppose -20 = 4*n - s. What is the remainder when n is divided by 4?
0
Calculate the remainder when (22/(2552/(-435)))/((-2)/1816) is divided by 142.
139
Let h be -3 - 12 - (-4 - -8). Let r = h + 20. What is the remainder when -9*13*r/(-3) is divided by 14?
11
Let c(w) = -w**2 - 497*w - 3885. Calculate the remainder when 7910 is divided by c(-8).
26
Let g be (-5 - (-45)/10)/(2/(-20)). Let z(v) = 2*v**2 - 7*v - 6. What is the remainder when 132 is divided by z(g)?
6
Suppose 314 + 2299 = 13*u. Calculate the remainder when u is divided by 93.
15
Let h(v) = -3*v + 22. Let p be h(5). Suppose -282 = -13*n + p*n. What is the remainder when n is divided by 7?
5
Suppose 3*x - 37 - 8 = 0. Let i be 4/(-6) + 85/x + -5. Suppose 5*g - 20 = i, 0*p - 2*p = g - 130. Calculate the remainder when p is divided by 25.
13
Suppose -2*t + 14 = -5*v + 48, 0 = 2*v - 4*t - 20. Suppose 5*m + 540 = 5*h, h + m - 102 = -0*m. What is the remainder when h is divided by 20 + -4*3/v?
15
Let t be (-294)/2*(-50)/(-15). Calculate the remainder when 67 is divided by (8/(-14))/(20/t).
11
Let d = 1349 + -1340. Calculate the remainder when 163 is divided by d.
1
Let t(h) = h**3 - 25*h**2 + 44*h - 44. Let y be t(23). Let b = y + 144. Calculate the remainder when b is divided by 11.
10
Calculate the remainder when (-27 - 3990/(-147))*21469 is divided by 3.
1
Let n = 6334 - 5616. What is the remainder when n is divided by 243?
232
What is the remainder when (-4)/(-52) + 20589/39 is divided by 522?
6
What is the remainder when (4 + -13 - -7)*(17 + -712) is divided by 62?
26
Suppose 0 = -3*w + y + 61, 5*y - 52 = 9*w - 11*w. Calculate the remainder when 116 is divided by w.
11
Let u = -122 + 127. Suppose 66 = k + u. What is the remainder when k is divided by 31?
30
Let k(b) = 8*b**2 - 13*b - 31. Let x(z) = -z**3 - 2*z**2 + 5*z + 2. Calculate the remainder when k(6) is divided by x(-5).
23
Calculate the remainder when (-3289)/(-308)*4 - 12/(-42) is divided by 15.
13
Suppose 5020 = 4*l - 3*p, -6*l - 2510 = -8*l - 5*p. What is the remainder when l is divided by 75?
55
Let n(x) = -52*x + 223. What is the remainder when 4857 is divided by n(4)?
12
Let k = -26077 + 26090. Suppose -2*h = -6*h + 516. Calculate the remainder when h is divided by k.
12
Let l(f) = -9*f + 93. Let i = -255 + 261. What is the remainder when 112 is divided by l(i)?
34
Suppose o + 130 = 5*r + 2*o, -5*r = 4*o - 145. What is the remainder when (193 - 2)*(-24 + r) is divided by 39?
35
Let o be ((99/(-12))/11)/(9/(-24)). Suppose 127 = 2*u - l, -19*l + 15*l - 118 = -o*u. What is the remainder when u is divided by 22?
21
Calculate the remainder when 601 is divided by (-9)/(243/(-387))*(-2 - -5)*1.
42
Suppose -q = -5*q - 4*d + 84, -4*q = -4*d - 84. What is the remainder when (-226)/(-4) - 4420/(-1768) is divided by q?
17
Let j be -1*2/(-5) - 6/15. Let h be (2 - 3/1)*(j + 25). What is the remainder when (h/(-5) - 9)/((-1)/10) is divided by 6?
4
Suppose -3*r + 563 = b, -5*r + 945 = -4*b - b. Let m(k) = 6*k - 78. What is the remainder when r is divided by m(21)?
44
Let f = 63 + -30. Let j(l) = -2*l**2 + 327 - 11*l + 4*l**2 - 4*l**3 - 355. What is the remainder when j(-3) is divided by f?
32
Let p = 1784 + -1554. Suppose -2*l + 3*c = -106, -l + 45 = -3*c - 2. What is the remainder when p is divided by l?
53
Suppose 170 = 5*c + 5*z, 59*z - 61*z = 5*c - 161. What is the remainder when 703 is divided by c?
21
Suppose 9*x - 40*x = -15438. Calculate the remainder when 518 is divided by x.
20
Suppose 3 = s + 1. Let p be s/(-1) - (-137 - -1). Suppose 0 = x - 5*j - p, -x = -3*x + 2*j + 308. What is the remainder when x is divided by 16?
15
Let z(b) = 6*b - 15. Let k(n) = n + 25. Let y be k(-19). Let c be z(y). Suppose -2*a - c = -3*a. What is the remainder when 40 is divided by a?
19
Let a(j) = j**2 - 8*j + 19. Suppose 26*c + 10 - 166 = 0. What is the remainder when a(c) is divided by 5?
2
Let o(u) = 7656*u - 45756. Suppose -4*d + 28 + 0 = 0. What is the remainder when o(6) is divided by d?
5
Suppose 0 = -k + 4*v + 44, 5*k - 265 = -4*v - 21. Let z(n) = -19*n - 2035. What is the remainder when k is divided by z(-108)?
14
Suppose -12*y = -196 - 32. Suppose 2*f + 5*x - 1 = 0, 2*x = -250*f + 246*f + 26. What is the remainder when y is divided by f?
3
Suppose 5*o + 2*u - 599 = -0*o, 4*o - u - 487 = 0. Suppose 4*t + 112 = 2*f, 3*f - 14 = -5*t + o. Calculate the remainder when 199 is divided by f.
49
Let z = 4 - -6. Suppose 0 = -z*y + 22*y - 156. Let k = 126 - 76. What is the remainder when k is divided by y?
11
Let d(x) = 351*x**2 + 45*x + 45. Let w(u) = -16*u**2 - 2*u - 2. Let k(h) = -2*d(h) - 45*w(h). Calculate the remainder when 34 is divided by k(1).
16
Suppose -1360 = 16*c + c. Calculate the remainder when -1 - -1 - 112*-1 is divided by 460/c*(-7 - (-2 - 1)).
20
Let s = 20050 - 19373. Calculate the remainder when s is divided by 172.
161
Let u(m) = 5*m**3 - 4*m**2 + 78*m - 557. What is the remainder when u(6) is divided by 12?
7
Let m = 58058 - 57977. What is the remainder when m is divided by 3 - (-17)/1*2?
7
Let c = 180 + -278. Let q = c - -128. Calculate the remainder when 119 is divided by q.
29
Suppose -1810 = -23*u - 476. Suppose 4*n - 3*y - 53 = -6*y, 2*y - u = -4*n. What is the remainder when n is divided by 2?
1
Let v(b) = b**3 + 26*b**2 + 27*b + 54. Let i be v(-25). Calculate the remainder when ((-1308)/(-18))/(i/6) is divided by 8.
5
Let w = 432 + -410. Suppose w*z = 2*z + 260. Calculate the remainder when 701 is divided by z.
12
Calculate the remainder when 559 is divided by (8 + -40)/(-2) - -97.
107
Let t = 2276 - 2272. What is the remainder when 223 is divided by t?
3
Let x(i) = i**3 - 8*i**2 + 11*i - 7. Let o be x(10). Suppose 0 = -8*n - o + 903. Calculate the remainder when n is divided by 39.
36
Suppose -4*k - 1 = 5*t - 32, 5*k = 3*t + 85. Suppose 355 = -k*m + 19*m. Calculate the remainder when m is divided by 17.
3
Suppose 4*x - 284 = 45*x - 5245. What is the remainder when 445 is divided by x?
82
Let j = 63 + -27. Suppose -j*u + 273 = -29*u. Suppose -4*z = 5*t - u, -5*z + 8*t + 59 = 4*t. What is the remainder when 41 is divided by z?
8
Suppose 55922 = 51*a - 44446. Calculate the remainder when a is divided by 29.
25
Let h(y) = -3*y**2 - 27*y + 23 